= 2*h, 5*h = 4*m + 53. Suppose -p + 4*i + 17 = 0, 22*p - 4*i - 14 = 24*p. What is the greatest common divisor of p and h?
1
Let d = -8 - -12. Suppose -4*k + 16 = -d*w, k + 0*w - 5*w - 12 = 0. Calculate the greatest common divisor of k and 2.
2
Let k = 3 - 31. Let b = k - -49. Calculate the greatest common factor of b and 231.
21
Suppose l + 15 = 4*q, 0 = q - 6*q - 5*l + 50. Suppose q*v - 541 = 5*u - 126, 0 = -5*v - 2*u + 450. What is the greatest common divisor of 11 and v?
11
Let g(l) = l**2 + 6*l - 1. Let n be g(-6). Let a(k) = -5*k**3 - 1. Let q be a(n). Let m be q*(0 - (-2 + 1)). What is the highest common factor of 32 and m?
4
Let m be (-32)/(-6) - 1/3. Let t = 307 + -262. What is the greatest common divisor of m and t?
5
Suppose -s - 55 = -2*h, -7 = -2*s + 3. What is the highest common factor of 120 and h?
30
Let r = 105 + -91. Calculate the highest common factor of 21 and r.
7
Let d be (0 - -1) + (-162)/3. Let r(s) = -s**3 - 11*s**2 - 6*s + 3. Let t be r(-9). Let y = d - t. Calculate the highest common factor of y and 13.
13
Suppose d - b = 0, -d = 2*d - 5*b. Suppose 0 = 4*u + 16, -y + 7 = -d*y - u. Calculate the greatest common divisor of y and 6.
3
Let i be 3 - ((-16)/(-2) + 1). Let p be (4/(-6))/(i/144). What is the highest common divisor of p and 128?
16
Suppose 6*g = 2*g + 5*p - 484, -2*g + 4*p - 248 = 0. Let l = -31 - g. What is the greatest common divisor of 34 and l?
17
Suppose -4*i - 4*f = -8, 16 = 2*i - 0*i - 4*f. Let g = i + -1. Calculate the greatest common divisor of g and 21.
3
Let w(z) be the first derivative of z**2/2 + 1. Let f be w(8). What is the greatest common factor of 40 and f?
8
Let v(a) = 6*a**2 + 2*a - 5. Let p be v(2). Calculate the highest common factor of p and 46.
23
Suppose 2*b - f - 13 = 0, 4*b - 4*f = b + 27. What is the highest common divisor of 1 and b?
1
Suppose 4*z = 0, -z = -5*l - 6*z + 220. What is the highest common divisor of 33 and l?
11
Let o = -3 - -5. Let z be o/(-8) + (-292)/(-16). What is the highest common divisor of z and 6?
6
Let l(j) = -4*j - 18. Let w be l(-6). What is the highest common factor of w and 15?
3
Suppose -q + 6*q - 50 = 0. Suppose -5*r + q = -10. Calculate the highest common divisor of 8 and r.
4
Let c = 46 - 19. What is the greatest common factor of 36 and c?
9
Let z(w) = -w + 1. Let t be z(-12). Let b(x) = 3*x**3 - 7*x**2 + 6*x. Suppose -12 = -3*q - 0*q. Let h be b(q). Calculate the highest common factor of h and t.
13
Let u(c) = -6*c + 2. Let h be u(-3). Suppose 2*s - 4*r - 22 = 66, -15 = -5*r. Calculate the highest common factor of s and h.
10
Let b be (-2 + 3)/(7/525). Suppose 5*k = 10*k - b. Calculate the highest common factor of k and 90.
15
Let o(u) = -4 - 3*u - u + 3*u. Let w be o(-6). Calculate the greatest common divisor of 14 and w.
2
Suppose 5*b - 2 = 13. Suppose 0*g + 12 = y - b*g, 0 = 2*g - 4. Calculate the greatest common factor of y and 72.
18
Let u = 59 + -39. What is the highest common factor of u and 1?
1
Let p = 7 + 8. Let a be (12/p)/((-2)/(-105)). What is the highest common factor of 6 and a?
6
Suppose -b + 2*f + 101 = 0, -2*f + 6*f = -b + 77. Suppose -4*i - 163 = -4*u + b, -4*u + 3*i + 255 = 0. Calculate the highest common factor of u and 7.
7
Let i be 6 - 9/(3/1). Let o(h) = 2*h - 1. Let t be o(6). Let l = t - 8. What is the highest common factor of l and i?
3
Suppose -a + 5*x = 10, -5*x = a - 5*a + 5. Let b(d) = -d**2 + 7 - 2 + a*d + 3. Let q be b(6). Calculate the greatest common divisor of 18 and q.
2
Suppose 4*p = 54 - 10. Let w(h) = -5 - 9*h + 4*h + 17 + 4*h. Let k be w(p). Calculate the highest common factor of k and 1.
1
Let c = 192 - 152. What is the highest common factor of c and 24?
8
Suppose -417 = i - 2*i + s, -4*s = -4. What is the greatest common factor of i and 38?
38
Let m(d) = -2*d - 9. Let c be m(14). Let f = c - -59. What is the highest common divisor of 2 and f?
2
Let g be 35/3 + (-3)/(-9). Suppose -2*w = 4 - 20. Calculate the greatest common factor of w and g.
4
Suppose -i - 2*s = -6*s - 14, 0 = 3*i + s - 3. Calculate the greatest common factor of i and 8.
2
Let b(o) = -14*o. Let n be b(-6). Let c(g) = -9*g + 3. Let m be c(-1). What is the highest common divisor of n and m?
12
Suppose -3*s - 2*s - 70 = -4*g, -g - 5*s = -5. Let n(b) = 44*b + 1. Let l be n(1). What is the greatest common factor of l and g?
15
Suppose -3*v - 2*v - 45 = 0. Let c(x) = x**3 + 9*x**2 - 10*x + 6. Let d be c(v). Suppose 3*g = -g + d. What is the highest common divisor of g and 16?
8
Let x be 1*4*(2 - 4). Let a be (-7 + 3)/2*x. Let u be (16/(-6))/(3/(-36)). Calculate the greatest common factor of u and a.
16
Let o be 10/(-6)*(-18)/1. Let u(n) = -3*n - 1. Let r be u(-7). Calculate the highest common factor of o and r.
10
Let a be (3/6)/((-2)/(-4)). Let m be 3 - 0/(-2)*a. Calculate the greatest common divisor of 33 and m.
3
Suppose 0 = 2*o - 2*w - 358, -4*w - 719 = -4*o + w. Suppose 0 = -r - r + o. Calculate the highest common divisor of 11 and r.
11
Let q be (-2 + -16)*(2 + (-7)/3). What is the highest common divisor of 3 and q?
3
Let q(u) = -9 - 6*u + u**3 + 2*u**2 + 0*u**3 - 6*u**2 - 3*u**2. Let p be q(9). What is the greatest common factor of p and 11?
11
Let t be (-19872)/(-30) - (-2)/(-5). Suppose 5*g + 2*p - 238 = t, -4*g - 5*p = -720. Suppose -3*d + 6*d = g. What is the highest common divisor of d and 20?
20
Let d be -2 - -3 - 71*-1. Suppose 67*f - 32 = 63*f. What is the highest common factor of d and f?
8
Suppose 2*f + 2 = 26. Suppose v + 3*s = -4*v - f, -2*s = 8. Suppose -o - 2 = v, 2*q - 140 = -2*q + 4*o. Calculate the highest common divisor of 11 and q.
11
Let g(l) = l**3 - l**2 + 5. Let a be g(0). Calculate the highest common factor of 5 and a.
5
Suppose v - 88 = -4*v + 4*t, -5*t + 115 = 5*v. What is the highest common divisor of v and 220?
20
Suppose -m + 2*w = -30, -3*m = -m - 3*w - 55. What is the highest common divisor of 100 and m?
20
Suppose 5 = -2*s - 5. Let o(g) = -3*g - 3. Let p be o(s). Calculate the greatest common divisor of p and 48.
12
Suppose -3*u + 2*u - 18 = 0. Let a = 8 - u. What is the greatest common factor of 13 and a?
13
Let k = 18 - -24. Let o be 8/28 - 194/(-7). What is the greatest common factor of k and o?
14
Let p(b) = 46*b**2 - b. Let o be p(1). Calculate the highest common divisor of o and 18.
9
Suppose -p + 2*p = 6. Let s = p + -4. What is the highest common divisor of 14 and s?
2
Let p = 20 + -13. Suppose -72 = -p*d + 3*d. Calculate the highest common factor of d and 27.
9
Let v(u) = u**3 + 2*u**2 - 3*u + 1. Let x be v(-3). Let t(p) = 3 + 4 - 8 + 97*p**2. Let c be t(x). What is the highest common factor of c and 12?
12
Let a be (-1)/((-5)/126) - 10/50. Calculate the greatest common divisor of 225 and a.
25
Suppose 3*n = 2*n + 13. What is the greatest common factor of 13 and n?
13
Suppose 4*l + 56 = 4*w + 20, 5*w + 4*l = 72. Calculate the highest common divisor of 84 and w.
12
Let n = 40 + -22. What is the highest common factor of n and 18?
18
Let a(z) = -2*z**3 - z**2 - z. Let q be a(-1). Suppose -8 = -3*h + 4. Suppose f = -h*f + 110. What is the highest common divisor of q and f?
2
Let t be (90/21)/((-2)/(-98)). Suppose l - t = -582. Let f = l + 564. Calculate the greatest common divisor of f and 24.
24
Let f(c) = -c**3 + 6*c**2 - 5*c + 4. Let b be f(5). Suppose 3 = -b*y + 7. What is the greatest common divisor of y and 2?
1
Suppose 8*j = 194 - 58. Calculate the greatest common factor of 17 and j.
17
Let f(g) = -g**2 - 5*g + 2. Let b be f(-5). Suppose -16 = b*x - 3*x. Calculate the highest common factor of x and 8.
8
Let q(o) = -o**3 - 10*o**2 - 8*o + 3. Let w be q(-9). Let v = 16 + w. Calculate the greatest common divisor of v and 1.
1
Let g(f) = 4*f - 16. Let i be g(7). Calculate the highest common factor of i and 4.
4
Let m(r) = r**2 - 1. Let b be m(-1). Suppose b = d - 6*d. Suppose d = -5*j + 18 + 42. What is the greatest common factor of j and 4?
4
Let w(l) = -l**3 + 8*l**2 + 10*l - 6. Let n(y) = -y**3 - 5*y**2 - 2*y - 1. Let v be n(-5). Let h be w(v). Calculate the greatest common factor of 21 and h.
3
Suppose 5*k - 5*g = 15, k + 0*g = 3*g + 3. Calculate the greatest common divisor of 27 and k.
3
Let x = -36 + 56. What is the highest common factor of 10 and x?
10
Let h be -3*8/(-6)*2. Calculate the hi